{"id":2475,"date":"2019-12-12T13:21:35","date_gmt":"2019-12-12T12:21:35","guid":{"rendered":"https:\/\/www.terredelmarchesato.com\/vini-e-prodotti\/maurizio-fuselli\/"},"modified":"2025-06-10T11:35:30","modified_gmt":"2025-06-10T09:35:30","slug":"maurizio-fuselli","status":"publish","type":"page","link":"https:\/\/www.terredelmarchesato.com\/de\/vini-e-prodotti\/maurizio-fuselli\/","title":{"rendered":"Maurizio Fuselli"},"content":{"rendered":"<p>Eine Auswahl von Petit Verdot, die 1998 von Maurizio gepflanzt wurde, ist endlich ausgereift und bereit f\u00fcr die Vinifizierung einzelner Sorten. Erstellt aus seinem pers\u00f6nlichen Wunsch, diese ungest\u00fcme und hartn\u00e4ckige Rebsorte zu beherrschen. Dieser Wein tr\u00e4gt den Namen seines Herstellers, dessen dringlichster Wunsch es war, ihn zu kreieren, obwohl er sich der langen und schwierigen Herausforderung bewusst war. Der Jahrgang 2016 erreicht endlich eine elegante Balance zwischen dem au\u00dfergew\u00f6hnlichen Reichtum an Phenol und der f\u00fcr diese Sorte typischen Tanninstruktur.<\/p>\n","protected":false},"excerpt":{"rendered":"<p>Eine Auswahl von Petit Verdot, die 1998 von Maurizio gepflanzt wurde, ist endlich ausgereift und bereit f\u00fcr die Vinifizierung einzelner Sorten. Erstellt aus seinem pers\u00f6nlichen [&hellip;]<\/p>\n","protected":false},"author":1,"featured_media":3498,"parent":2442,"menu_order":5,"comment_status":"closed","ping_status":"closed","template":"tpl-product-info.php","meta":{"_expiration-date-status":"","_expiration-date":0,"_expiration-date-type":"","_expiration-date-categories":[],"_expiration-date-options":[]},"acf":[],"yoast_head":"<!-- This site is optimized with the Yoast SEO plugin v20.2.1 - https:\/\/yoast.com\/wordpress\/plugins\/seo\/ -->\n<title>Maurizio Fuselli - Terre del Marchesato<\/title>\n<meta name=\"robots\" content=\"index, follow, max-snippet:-1, max-image-preview:large, max-video-preview:-1\" \/>\n<link rel=\"canonical\" href=\"https:\/\/www.terredelmarchesato.com\/de\/vini-e-prodotti\/maurizio-fuselli\/\" \/>\n<meta property=\"og:locale\" content=\"de_DE\" \/>\n<meta property=\"og:type\" content=\"article\" \/>\n<meta property=\"og:title\" content=\"Maurizio Fuselli - Terre del Marchesato\" \/>\n<meta property=\"og:description\" content=\"Eine Auswahl von Petit Verdot, die 1998 von Maurizio gepflanzt wurde, ist endlich ausgereift und bereit f\u00fcr die Vinifizierung einzelner Sorten. Erstellt aus seinem pers\u00f6nlichen [&hellip;]\" \/>\n<meta property=\"og:url\" content=\"https:\/\/www.terredelmarchesato.com\/de\/vini-e-prodotti\/maurizio-fuselli\/\" \/>\n<meta property=\"og:site_name\" content=\"Terre del Marchesato\" \/>\n<meta property=\"article:publisher\" content=\"https:\/\/www.facebook.com\/terredelmarchesato\/\" \/>\n<meta property=\"article:modified_time\" content=\"2025-06-10T09:35:30+00:00\" \/>\n<meta property=\"og:image\" content=\"https:\/\/www.terredelmarchesato.com\/wp-content\/uploads\/2020\/04\/maurizio-fuselli-testata.jpg\" \/>\n\t<meta property=\"og:image:width\" content=\"2500\" \/>\n\t<meta property=\"og:image:height\" content=\"1667\" \/>\n\t<meta property=\"og:image:type\" content=\"image\/jpeg\" \/>\n<meta name=\"twitter:card\" content=\"summary_large_image\" \/>\n<meta name=\"twitter:site\" content=\"@TerreMarchesato\" \/>\n<meta name=\"twitter:label1\" content=\"Gesch\u00e4tzte Lesezeit\" \/>\n\t<meta name=\"twitter:data1\" content=\"1 Minute\" \/>\n<script type=\"application\/ld+json\" class=\"yoast-schema-graph\">{\"@context\":\"https:\/\/schema.org\",\"@graph\":[{\"@type\":\"WebPage\",\"@id\":\"https:\/\/www.terredelmarchesato.com\/de\/vini-e-prodotti\/maurizio-fuselli\/\",\"url\":\"https:\/\/www.terredelmarchesato.com\/de\/vini-e-prodotti\/maurizio-fuselli\/\",\"name\":\"Maurizio Fuselli - Terre del Marchesato\",\"isPartOf\":{\"@id\":\"https:\/\/www.terredelmarchesato.com\/#website\"},\"datePublished\":\"2019-12-12T12:21:35+00:00\",\"dateModified\":\"2025-06-10T09:35:30+00:00\",\"breadcrumb\":{\"@id\":\"https:\/\/www.terredelmarchesato.com\/de\/vini-e-prodotti\/maurizio-fuselli\/#breadcrumb\"},\"inLanguage\":\"de-DE\",\"potentialAction\":[{\"@type\":\"ReadAction\",\"target\":[\"https:\/\/www.terredelmarchesato.com\/de\/vini-e-prodotti\/maurizio-fuselli\/\"]}]},{\"@type\":\"BreadcrumbList\",\"@id\":\"https:\/\/www.terredelmarchesato.com\/de\/vini-e-prodotti\/maurizio-fuselli\/#breadcrumb\",\"itemListElement\":[{\"@type\":\"ListItem\",\"position\":1,\"name\":\"Weine und Produkte\",\"item\":\"https:\/\/www.terredelmarchesato.com\/de\/vini-e-prodotti\/\"},{\"@type\":\"ListItem\",\"position\":2,\"name\":\"Maurizio Fuselli\"}]},{\"@type\":\"WebSite\",\"@id\":\"https:\/\/www.terredelmarchesato.com\/#website\",\"url\":\"https:\/\/www.terredelmarchesato.com\/\",\"name\":\"Terre del Marchesato\",\"description\":\"Famiglia Fuselli - Bolgheri\",\"potentialAction\":[{\"@type\":\"SearchAction\",\"target\":{\"@type\":\"EntryPoint\",\"urlTemplate\":\"https:\/\/www.terredelmarchesato.com\/?s={search_term_string}\"},\"query-input\":\"required name=search_term_string\"}],\"inLanguage\":\"de-DE\"}]}<\/script>\n<!-- \/ Yoast SEO plugin. -->","yoast_head_json":{"title":"Maurizio Fuselli - Terre del Marchesato","robots":{"index":"index","follow":"follow","max-snippet":"max-snippet:-1","max-image-preview":"max-image-preview:large","max-video-preview":"max-video-preview:-1"},"canonical":"https:\/\/www.terredelmarchesato.com\/de\/vini-e-prodotti\/maurizio-fuselli\/","og_locale":"de_DE","og_type":"article","og_title":"Maurizio Fuselli - Terre del Marchesato","og_description":"Eine Auswahl von Petit Verdot, die 1998 von Maurizio gepflanzt wurde, ist endlich ausgereift und bereit f\u00fcr die Vinifizierung einzelner Sorten. Erstellt aus seinem pers\u00f6nlichen [&hellip;]","og_url":"https:\/\/www.terredelmarchesato.com\/de\/vini-e-prodotti\/maurizio-fuselli\/","og_site_name":"Terre del Marchesato","article_publisher":"https:\/\/www.facebook.com\/terredelmarchesato\/","article_modified_time":"2025-06-10T09:35:30+00:00","og_image":[{"width":2500,"height":1667,"url":"https:\/\/www.terredelmarchesato.com\/wp-content\/uploads\/2020\/04\/maurizio-fuselli-testata.jpg","type":"image\/jpeg"}],"twitter_card":"summary_large_image","twitter_site":"@TerreMarchesato","twitter_misc":{"Gesch\u00e4tzte Lesezeit":"1 Minute"},"schema":{"@context":"https:\/\/schema.org","@graph":[{"@type":"WebPage","@id":"https:\/\/www.terredelmarchesato.com\/de\/vini-e-prodotti\/maurizio-fuselli\/","url":"https:\/\/www.terredelmarchesato.com\/de\/vini-e-prodotti\/maurizio-fuselli\/","name":"Maurizio Fuselli - Terre del Marchesato","isPartOf":{"@id":"https:\/\/www.terredelmarchesato.com\/#website"},"datePublished":"2019-12-12T12:21:35+00:00","dateModified":"2025-06-10T09:35:30+00:00","breadcrumb":{"@id":"https:\/\/www.terredelmarchesato.com\/de\/vini-e-prodotti\/maurizio-fuselli\/#breadcrumb"},"inLanguage":"de-DE","potentialAction":[{"@type":"ReadAction","target":["https:\/\/www.terredelmarchesato.com\/de\/vini-e-prodotti\/maurizio-fuselli\/"]}]},{"@type":"BreadcrumbList","@id":"https:\/\/www.terredelmarchesato.com\/de\/vini-e-prodotti\/maurizio-fuselli\/#breadcrumb","itemListElement":[{"@type":"ListItem","position":1,"name":"Weine und Produkte","item":"https:\/\/www.terredelmarchesato.com\/de\/vini-e-prodotti\/"},{"@type":"ListItem","position":2,"name":"Maurizio Fuselli"}]},{"@type":"WebSite","@id":"https:\/\/www.terredelmarchesato.com\/#website","url":"https:\/\/www.terredelmarchesato.com\/","name":"Terre del Marchesato","description":"Famiglia Fuselli - Bolgheri","potentialAction":[{"@type":"SearchAction","target":{"@type":"EntryPoint","urlTemplate":"https:\/\/www.terredelmarchesato.com\/?s={search_term_string}"},"query-input":"required name=search_term_string"}],"inLanguage":"de-DE"}]}},"_links":{"self":[{"href":"https:\/\/www.terredelmarchesato.com\/de\/wp-json\/wp\/v2\/pages\/2475"}],"collection":[{"href":"https:\/\/www.terredelmarchesato.com\/de\/wp-json\/wp\/v2\/pages"}],"about":[{"href":"https:\/\/www.terredelmarchesato.com\/de\/wp-json\/wp\/v2\/types\/page"}],"author":[{"embeddable":true,"href":"https:\/\/www.terredelmarchesato.com\/de\/wp-json\/wp\/v2\/users\/1"}],"replies":[{"embeddable":true,"href":"https:\/\/www.terredelmarchesato.com\/de\/wp-json\/wp\/v2\/comments?post=2475"}],"version-history":[{"count":6,"href":"https:\/\/www.terredelmarchesato.com\/de\/wp-json\/wp\/v2\/pages\/2475\/revisions"}],"predecessor-version":[{"id":11754,"href":"https:\/\/www.terredelmarchesato.com\/de\/wp-json\/wp\/v2\/pages\/2475\/revisions\/11754"}],"up":[{"embeddable":true,"href":"https:\/\/www.terredelmarchesato.com\/de\/wp-json\/wp\/v2\/pages\/2442"}],"wp:featuredmedia":[{"embeddable":true,"href":"https:\/\/www.terredelmarchesato.com\/de\/wp-json\/wp\/v2\/media\/3498"}],"wp:attachment":[{"href":"https:\/\/www.terredelmarchesato.com\/de\/wp-json\/wp\/v2\/media?parent=2475"}],"curies":[{"name":"wp","href":"https:\/\/api.w.org\/{rel}","templated":true}]}}

<p>Eine Auswahl von Petit Verdot, die 1998 von Maurizio gepflanzt wurde, ist endlich ausgereift und bereit für die Vinifizierung einzelner Sorten. Erstellt aus seinem persönlichen Wunsch, diese ungestüme und hartnäckige Rebsorte zu beherrschen. Dieser Wein trägt den Namen seines Herstellers, dessen dringlichster Wunsch es war, ihn zu kreieren, obwohl er sich der langen und schwierigen Herausforderung bewusst war. Der Jahrgang 2016 erreicht endlich eine elegante Balance zwischen dem außergewöhnlichen Reichtum an Phenol und der für diese Sorte typischen Tanninstruktur.</p>

<p>Eine Auswahl von Petit Verdot, die 1998 von Maurizio gepflanzt wurde, ist endlich ausgereift und bereit für die Vinifizierung einzelner Sorten. Erstellt aus seinem persönlichen [&hellip;]</p>

<!-- This site is optimized with the Yoast SEO plugin v20.2.1 - https://yoast.com/wordpress/plugins/seo/ -->
<title>Maurizio Fuselli - Terre del Marchesato</title>
<meta name="robots" content="index, follow, max-snippet:-1, max-image-preview:large, max-video-preview:-1" />
<link rel="canonical" href="https://www.terredelmarchesato.com/de/vini-e-prodotti/maurizio-fuselli/" />
<meta property="og:locale" content="de_DE" />
<meta property="og:type" content="article" />
<meta property="og:title" content="Maurizio Fuselli - Terre del Marchesato" />
<meta property="og:description" content="Eine Auswahl von Petit Verdot, die 1998 von Maurizio gepflanzt wurde, ist endlich ausgereift und bereit für die Vinifizierung einzelner Sorten. Erstellt aus seinem persönlichen [&hellip;]" />
<meta property="og:url" content="https://www.terredelmarchesato.com/de/vini-e-prodotti/maurizio-fuselli/" />
<meta property="og:site_name" content="Terre del Marchesato" />
<meta property="article:publisher" content="https://www.facebook.com/terredelmarchesato/" />
<meta property="article:modified_time" content="2025-06-10T09:35:30+00:00" />
<meta property="og:image" content="https://www.terredelmarchesato.com/wp-content/uploads/2020/04/maurizio-fuselli-testata.jpg" />
	<meta property="og:image:width" content="2500" />
	<meta property="og:image:height" content="1667" />
	<meta property="og:image:type" content="image/jpeg" />
<meta name="twitter:card" content="summary_large_image" />
<meta name="twitter:site" content="@TerreMarchesato" />
<meta name="twitter:label1" content="Geschätzte Lesezeit" />
	<meta name="twitter:data1" content="1 Minute" />
<script type="application/ld+json" class="yoast-schema-graph">{"@context":"https://schema.org","@graph":[{"@type":"WebPage","@id":"https://www.terredelmarchesato.com/de/vini-e-prodotti/maurizio-fuselli/","url":"https://www.terredelmarchesato.com/de/vini-e-prodotti/maurizio-fuselli/","name":"Maurizio Fuselli - Terre del Marchesato","isPartOf":{"@id":"https://www.terredelmarchesato.com/#website"},"datePublished":"2019-12-12T12:21:35+00:00","dateModified":"2025-06-10T09:35:30+00:00","breadcrumb":{"@id":"https://www.terredelmarchesato.com/de/vini-e-prodotti/maurizio-fuselli/#breadcrumb"},"inLanguage":"de-DE","potentialAction":[{"@type":"ReadAction","target":["https://www.terredelmarchesato.com/de/vini-e-prodotti/maurizio-fuselli/"]}]},{"@type":"BreadcrumbList","@id":"https://www.terredelmarchesato.com/de/vini-e-prodotti/maurizio-fuselli/#breadcrumb","itemListElement":[{"@type":"ListItem","position":1,"name":"Weine und Produkte","item":"https://www.terredelmarchesato.com/de/vini-e-prodotti/"},{"@type":"ListItem","position":2,"name":"Maurizio Fuselli"}]},{"@type":"WebSite","@id":"https://www.terredelmarchesato.com/#website","url":"https://www.terredelmarchesato.com/","name":"Terre del Marchesato","description":"Famiglia Fuselli - Bolgheri","potentialAction":[{"@type":"SearchAction","target":{"@type":"EntryPoint","urlTemplate":"https://www.terredelmarchesato.com/?s={search_term_string}"},"query-input":"required name=search_term_string"}],"inLanguage":"de-DE"}]}</script>
<!-- / Yoast SEO plugin. -->

Eine Auswahl von Petit Verdot, die 1998 von Maurizio gepflanzt wurde, ist endlich ausgereift und bereit für die Vinifizierung einzelner Sorten. Erstellt aus seinem persönlichen [&hellip;]
