{"id":2524,"date":"2019-12-12T13:24:31","date_gmt":"2019-12-12T12:24:31","guid":{"rendered":"https:\/\/www.terredelmarchesato.com\/vini-e-prodotti\/emilio-primo-bianco\/"},"modified":"2020-09-07T13:05:57","modified_gmt":"2020-09-07T11:05:57","slug":"emilio-primo-bianco","status":"publish","type":"page","link":"https:\/\/www.terredelmarchesato.com\/de\/vini-e-prodotti\/emilio-primo-bianco\/","title":{"rendered":"Emilio Primo Bianco"},"content":{"rendered":"<p>Dies ist unser erster Wei\u00dfwein, sein Name geht auf den Gro\u00dfvater von Maurizio zur\u00fcck, der das Land 1954 vom Marktgrafen Mario Incisa della Rocchetta kaufte.<br \/>\nEmilio Primo Bianco wird aus unserer einheimischen Vermentino Traube hergestellt.<\/p>\n<p>Die neue und hochmoderne Technologie des neu gebauten Weinkellers, in Synergie mit der Tradition, setzt das Weinbereitungsverfahren fort. Das Resultat ist ein frischer Wein, der dem Land seiner Herstellung treu bleibt und die Meeresn\u00e4he in seinem Temperament deutlich zum Ausdruck bringt.<\/p>\n","protected":false},"excerpt":{"rendered":"<p>Dies ist unser erster Wei\u00dfwein, sein Name geht auf den Gro\u00dfvater von Maurizio zur\u00fcck, der das Land 1954 vom Marktgrafen Mario Incisa della Rocchetta kaufte. [&hellip;]<\/p>\n","protected":false},"author":1,"featured_media":350,"parent":2442,"menu_order":40,"comment_status":"closed","ping_status":"closed","template":"tpl-product-info.php","meta":{"_expiration-date-status":"saved","_expiration-date":0,"_expiration-date-type":"","_expiration-date-categories":[],"_expiration-date-options":[]},"acf":[],"yoast_head":"<!-- This site is optimized with the Yoast SEO plugin v20.2.1 - https:\/\/yoast.com\/wordpress\/plugins\/seo\/ -->\n<title>Emilio Primo Bianco - Terre del Marchesato<\/title>\n<meta name=\"robots\" content=\"index, follow, max-snippet:-1, max-image-preview:large, max-video-preview:-1\" \/>\n<link rel=\"canonical\" href=\"https:\/\/www.terredelmarchesato.com\/de\/vini-e-prodotti\/emilio-primo-bianco\/\" \/>\n<meta property=\"og:locale\" content=\"de_DE\" \/>\n<meta property=\"og:type\" content=\"article\" \/>\n<meta property=\"og:title\" content=\"Emilio Primo Bianco - Terre del Marchesato\" \/>\n<meta property=\"og:description\" content=\"Dies ist unser erster Wei\u00dfwein, sein Name geht auf den Gro\u00dfvater von Maurizio zur\u00fcck, der das Land 1954 vom Marktgrafen Mario Incisa della Rocchetta kaufte. [&hellip;]\" \/>\n<meta property=\"og:url\" content=\"https:\/\/www.terredelmarchesato.com\/de\/vini-e-prodotti\/emilio-primo-bianco\/\" \/>\n<meta property=\"og:site_name\" content=\"Terre del Marchesato\" \/>\n<meta property=\"article:publisher\" content=\"https:\/\/www.facebook.com\/terredelmarchesato\/\" \/>\n<meta property=\"article:modified_time\" content=\"2020-09-07T11:05:57+00:00\" \/>\n<meta property=\"og:image\" content=\"https:\/\/www.terredelmarchesato.com\/wp-content\/uploads\/2019\/12\/DSC_8212-copia-scaled.jpg\" \/>\n\t<meta property=\"og:image:width\" content=\"2560\" \/>\n\t<meta property=\"og:image:height\" content=\"1707\" \/>\n\t<meta property=\"og:image:type\" content=\"image\/jpeg\" \/>\n<meta name=\"twitter:card\" content=\"summary_large_image\" \/>\n<meta name=\"twitter:site\" content=\"@TerreMarchesato\" \/>\n<script type=\"application\/ld+json\" class=\"yoast-schema-graph\">{\"@context\":\"https:\/\/schema.org\",\"@graph\":[{\"@type\":\"WebPage\",\"@id\":\"https:\/\/www.terredelmarchesato.com\/de\/vini-e-prodotti\/emilio-primo-bianco\/\",\"url\":\"https:\/\/www.terredelmarchesato.com\/de\/vini-e-prodotti\/emilio-primo-bianco\/\",\"name\":\"Emilio Primo Bianco - Terre del Marchesato\",\"isPartOf\":{\"@id\":\"https:\/\/www.terredelmarchesato.com\/#website\"},\"datePublished\":\"2019-12-12T12:24:31+00:00\",\"dateModified\":\"2020-09-07T11:05:57+00:00\",\"breadcrumb\":{\"@id\":\"https:\/\/www.terredelmarchesato.com\/de\/vini-e-prodotti\/emilio-primo-bianco\/#breadcrumb\"},\"inLanguage\":\"de-DE\",\"potentialAction\":[{\"@type\":\"ReadAction\",\"target\":[\"https:\/\/www.terredelmarchesato.com\/de\/vini-e-prodotti\/emilio-primo-bianco\/\"]}]},{\"@type\":\"BreadcrumbList\",\"@id\":\"https:\/\/www.terredelmarchesato.com\/de\/vini-e-prodotti\/emilio-primo-bianco\/#breadcrumb\",\"itemListElement\":[{\"@type\":\"ListItem\",\"position\":1,\"name\":\"Weine und Produkte\",\"item\":\"https:\/\/www.terredelmarchesato.com\/de\/vini-e-prodotti\/\"},{\"@type\":\"ListItem\",\"position\":2,\"name\":\"Emilio Primo Bianco\"}]},{\"@type\":\"WebSite\",\"@id\":\"https:\/\/www.terredelmarchesato.com\/#website\",\"url\":\"https:\/\/www.terredelmarchesato.com\/\",\"name\":\"Terre del Marchesato\",\"description\":\"Famiglia Fuselli - Bolgheri\",\"potentialAction\":[{\"@type\":\"SearchAction\",\"target\":{\"@type\":\"EntryPoint\",\"urlTemplate\":\"https:\/\/www.terredelmarchesato.com\/?s={search_term_string}\"},\"query-input\":\"required name=search_term_string\"}],\"inLanguage\":\"de-DE\"}]}<\/script>\n<!-- \/ Yoast SEO plugin. -->","yoast_head_json":{"title":"Emilio Primo Bianco - Terre del Marchesato","robots":{"index":"index","follow":"follow","max-snippet":"max-snippet:-1","max-image-preview":"max-image-preview:large","max-video-preview":"max-video-preview:-1"},"canonical":"https:\/\/www.terredelmarchesato.com\/de\/vini-e-prodotti\/emilio-primo-bianco\/","og_locale":"de_DE","og_type":"article","og_title":"Emilio Primo Bianco - Terre del Marchesato","og_description":"Dies ist unser erster Wei\u00dfwein, sein Name geht auf den Gro\u00dfvater von Maurizio zur\u00fcck, der das Land 1954 vom Marktgrafen Mario Incisa della Rocchetta kaufte. [&hellip;]","og_url":"https:\/\/www.terredelmarchesato.com\/de\/vini-e-prodotti\/emilio-primo-bianco\/","og_site_name":"Terre del Marchesato","article_publisher":"https:\/\/www.facebook.com\/terredelmarchesato\/","article_modified_time":"2020-09-07T11:05:57+00:00","og_image":[{"width":"2560","height":"1707","url":"https:\/\/www.terredelmarchesato.com\/wp-content\/uploads\/2019\/12\/DSC_8212-copia-scaled.jpg","type":"image\/jpeg"}],"twitter_card":"summary_large_image","twitter_site":"@TerreMarchesato","schema":{"@context":"https:\/\/schema.org","@graph":[{"@type":"WebPage","@id":"https:\/\/www.terredelmarchesato.com\/de\/vini-e-prodotti\/emilio-primo-bianco\/","url":"https:\/\/www.terredelmarchesato.com\/de\/vini-e-prodotti\/emilio-primo-bianco\/","name":"Emilio Primo Bianco - Terre del Marchesato","isPartOf":{"@id":"https:\/\/www.terredelmarchesato.com\/#website"},"datePublished":"2019-12-12T12:24:31+00:00","dateModified":"2020-09-07T11:05:57+00:00","breadcrumb":{"@id":"https:\/\/www.terredelmarchesato.com\/de\/vini-e-prodotti\/emilio-primo-bianco\/#breadcrumb"},"inLanguage":"de-DE","potentialAction":[{"@type":"ReadAction","target":["https:\/\/www.terredelmarchesato.com\/de\/vini-e-prodotti\/emilio-primo-bianco\/"]}]},{"@type":"BreadcrumbList","@id":"https:\/\/www.terredelmarchesato.com\/de\/vini-e-prodotti\/emilio-primo-bianco\/#breadcrumb","itemListElement":[{"@type":"ListItem","position":1,"name":"Weine und Produkte","item":"https:\/\/www.terredelmarchesato.com\/de\/vini-e-prodotti\/"},{"@type":"ListItem","position":2,"name":"Emilio Primo Bianco"}]},{"@type":"WebSite","@id":"https:\/\/www.terredelmarchesato.com\/#website","url":"https:\/\/www.terredelmarchesato.com\/","name":"Terre del Marchesato","description":"Famiglia Fuselli - Bolgheri","potentialAction":[{"@type":"SearchAction","target":{"@type":"EntryPoint","urlTemplate":"https:\/\/www.terredelmarchesato.com\/?s={search_term_string}"},"query-input":"required name=search_term_string"}],"inLanguage":"de-DE"}]}},"_links":{"self":[{"href":"https:\/\/www.terredelmarchesato.com\/de\/wp-json\/wp\/v2\/pages\/2524"}],"collection":[{"href":"https:\/\/www.terredelmarchesato.com\/de\/wp-json\/wp\/v2\/pages"}],"about":[{"href":"https:\/\/www.terredelmarchesato.com\/de\/wp-json\/wp\/v2\/types\/page"}],"author":[{"embeddable":true,"href":"https:\/\/www.terredelmarchesato.com\/de\/wp-json\/wp\/v2\/users\/1"}],"replies":[{"embeddable":true,"href":"https:\/\/www.terredelmarchesato.com\/de\/wp-json\/wp\/v2\/comments?post=2524"}],"version-history":[{"count":4,"href":"https:\/\/www.terredelmarchesato.com\/de\/wp-json\/wp\/v2\/pages\/2524\/revisions"}],"predecessor-version":[{"id":4210,"href":"https:\/\/www.terredelmarchesato.com\/de\/wp-json\/wp\/v2\/pages\/2524\/revisions\/4210"}],"up":[{"embeddable":true,"href":"https:\/\/www.terredelmarchesato.com\/de\/wp-json\/wp\/v2\/pages\/2442"}],"wp:featuredmedia":[{"embeddable":true,"href":"https:\/\/www.terredelmarchesato.com\/de\/wp-json\/wp\/v2\/media\/350"}],"wp:attachment":[{"href":"https:\/\/www.terredelmarchesato.com\/de\/wp-json\/wp\/v2\/media?parent=2524"}],"curies":[{"name":"wp","href":"https:\/\/api.w.org\/{rel}","templated":true}]}}

<p>Dies ist unser erster Weißwein, sein Name geht auf den Großvater von Maurizio zurück, der das Land 1954 vom Marktgrafen Mario Incisa della Rocchetta kaufte.<br />
Emilio Primo Bianco wird aus unserer einheimischen Vermentino Traube hergestellt.</p>
<p>Die neue und hochmoderne Technologie des neu gebauten Weinkellers, in Synergie mit der Tradition, setzt das Weinbereitungsverfahren fort. Das Resultat ist ein frischer Wein, der dem Land seiner Herstellung treu bleibt und die Meeresnähe in seinem Temperament deutlich zum Ausdruck bringt.</p>

<p>Dies ist unser erster Weißwein, sein Name geht auf den Großvater von Maurizio zurück, der das Land 1954 vom Marktgrafen Mario Incisa della Rocchetta kaufte. [&hellip;]</p>

<!-- This site is optimized with the Yoast SEO plugin v20.2.1 - https://yoast.com/wordpress/plugins/seo/ -->
<title>Emilio Primo Bianco - Terre del Marchesato</title>
<meta name="robots" content="index, follow, max-snippet:-1, max-image-preview:large, max-video-preview:-1" />
<link rel="canonical" href="https://www.terredelmarchesato.com/de/vini-e-prodotti/emilio-primo-bianco/" />
<meta property="og:locale" content="de_DE" />
<meta property="og:type" content="article" />
<meta property="og:title" content="Emilio Primo Bianco - Terre del Marchesato" />
<meta property="og:description" content="Dies ist unser erster Weißwein, sein Name geht auf den Großvater von Maurizio zurück, der das Land 1954 vom Marktgrafen Mario Incisa della Rocchetta kaufte. [&hellip;]" />
<meta property="og:url" content="https://www.terredelmarchesato.com/de/vini-e-prodotti/emilio-primo-bianco/" />
<meta property="og:site_name" content="Terre del Marchesato" />
<meta property="article:publisher" content="https://www.facebook.com/terredelmarchesato/" />
<meta property="article:modified_time" content="2020-09-07T11:05:57+00:00" />
<meta property="og:image" content="https://www.terredelmarchesato.com/wp-content/uploads/2019/12/DSC_8212-copia-scaled.jpg" />
	<meta property="og:image:width" content="2560" />
	<meta property="og:image:height" content="1707" />
	<meta property="og:image:type" content="image/jpeg" />
<meta name="twitter:card" content="summary_large_image" />
<meta name="twitter:site" content="@TerreMarchesato" />
<script type="application/ld+json" class="yoast-schema-graph">{"@context":"https://schema.org","@graph":[{"@type":"WebPage","@id":"https://www.terredelmarchesato.com/de/vini-e-prodotti/emilio-primo-bianco/","url":"https://www.terredelmarchesato.com/de/vini-e-prodotti/emilio-primo-bianco/","name":"Emilio Primo Bianco - Terre del Marchesato","isPartOf":{"@id":"https://www.terredelmarchesato.com/#website"},"datePublished":"2019-12-12T12:24:31+00:00","dateModified":"2020-09-07T11:05:57+00:00","breadcrumb":{"@id":"https://www.terredelmarchesato.com/de/vini-e-prodotti/emilio-primo-bianco/#breadcrumb"},"inLanguage":"de-DE","potentialAction":[{"@type":"ReadAction","target":["https://www.terredelmarchesato.com/de/vini-e-prodotti/emilio-primo-bianco/"]}]},{"@type":"BreadcrumbList","@id":"https://www.terredelmarchesato.com/de/vini-e-prodotti/emilio-primo-bianco/#breadcrumb","itemListElement":[{"@type":"ListItem","position":1,"name":"Weine und Produkte","item":"https://www.terredelmarchesato.com/de/vini-e-prodotti/"},{"@type":"ListItem","position":2,"name":"Emilio Primo Bianco"}]},{"@type":"WebSite","@id":"https://www.terredelmarchesato.com/#website","url":"https://www.terredelmarchesato.com/","name":"Terre del Marchesato","description":"Famiglia Fuselli - Bolgheri","potentialAction":[{"@type":"SearchAction","target":{"@type":"EntryPoint","urlTemplate":"https://www.terredelmarchesato.com/?s={search_term_string}"},"query-input":"required name=search_term_string"}],"inLanguage":"de-DE"}]}</script>
<!-- / Yoast SEO plugin. -->

Dies ist unser erster Weißwein, sein Name geht auf den Großvater von Maurizio zurück, der das Land 1954 vom Marktgrafen Mario Incisa della Rocchetta kaufte. [&hellip;]
